{"id":188,"date":"2021-11-06T11:00:27","date_gmt":"2021-11-06T11:00:27","guid":{"rendered":"https:\/\/filosofo.ch\/?page_id=188"},"modified":"2025-03-01T10:53:02","modified_gmt":"2025-03-01T10:53:02","slug":"aperobretter","status":"publish","type":"page","link":"https:\/\/filosofo.ch\/index.php\/aperobretter\/","title":{"rendered":"Infos zu Aperobretter"},"content":{"rendered":"\n<div class=\"wp-block-group\"><div class=\"wp-block-group__inner-container is-layout-constrained wp-block-group-is-layout-constrained\">\n<p><a href=\"https:\/\/filosofo.ch\/index.php\/shop\/\">Unser On-line Shop finden Sie hier<\/a><\/p>\n\n\n\n<p>Die Ap\u00e9robretter sind alle so verarbeitet, dass L\u00e4ngsholz zu einem Brett verleimt wird. L\u00e4ngsholz hat eine ruhigere Struktur als <a href=\"https:\/\/filosofo.ch\/index.php\/schneidebretter\/\">Stirnholzbretter<\/a>. Bretter aus L\u00e4ngsholz wirken edler und sind bestens geeignet f\u00fcr das Servieren von einem Ap\u00e9ro, Fleischplatte, K\u00e4seplatte oder Raclettek\u00e4se. Sie eignen sie daf\u00fcr weniger zum schneiden. Die L\u00e4ngsholzbretter k\u00f6nnen zum schneiden verwendet werden, allerdings sind die Schnitte viel deutlicher sichtbar und die Messer werden schneller stumpf.<\/p>\n\n\n\n<p>Aperobretter k\u00f6nnen individuell erstellt werden, nehmen Sie mit uns <a href=\"https:\/\/filosofo.ch\/index.php\/kontakt\/\">Kontakt <\/a>auf.<\/p>\n\n\n\n<p>Zum schneiden verwenden Sie ein <a href=\"https:\/\/filosofo.ch\/index.php\/schneidebretter\/\">Stirnholzbrett<\/a>, eine ganz neue Freude in der K\u00fcche beim schneiden.<\/p>\n<\/div><\/div>\n\n\n\n<div class=\"wp-block-uagb-container uagb-block-8d300673 alignfull uagb-is-root-container\"><div class=\"uagb-container-inner-blocks-wrap\"><div data-block-name=\"woocommerce\/product-category\" data-categories=\"[24]\" class=\"wc-block-grid wp-block-product-category wp-block-woocommerce-product-category wc-block-product-category has-3-columns has-multiple-rows\"><ul class=\"wc-block-grid__products\"><li class=\"wc-block-grid__product\">\n\t\t\t\t<a href=\"https:\/\/filosofo.ch\/index.php\/produkt\/spluegen\/\" class=\"wc-block-grid__product-link\">\n\t\t\t\t\t\n\t\t\t\t\t<div class=\"wc-block-grid__product-image\"><img loading=\"lazy\" decoding=\"async\" width=\"300\" height=\"300\" src=\"https:\/\/filosofo.ch\/wp-content\/uploads\/2024\/09\/Mit-Griff-Nussbaum_Ahorn_Diagonal-300x300.png\" class=\"attachment-woocommerce_thumbnail size-woocommerce_thumbnail\" alt=\"Spl\u00fcgen\" srcset=\"https:\/\/filosofo.ch\/wp-content\/uploads\/2024\/09\/Mit-Griff-Nussbaum_Ahorn_Diagonal-300x300.png 300w, https:\/\/filosofo.ch\/wp-content\/uploads\/2024\/09\/Mit-Griff-Nussbaum_Ahorn_Diagonal-150x150.png 150w, https:\/\/filosofo.ch\/wp-content\/uploads\/2024\/09\/Mit-Griff-Nussbaum_Ahorn_Diagonal-75x75.png 75w, https:\/\/filosofo.ch\/wp-content\/uploads\/2024\/09\/Mit-Griff-Nussbaum_Ahorn_Diagonal-100x100.png 100w\" sizes=\"auto, (max-width: 300px) 100vw, 300px\" \/><\/div>\n\t\t\t\t\t<div class=\"wc-block-grid__product-title\">Spl\u00fcgen<\/div>\n\t\t\t\t<\/a>\n\t\t\t\t<div class=\"wc-block-grid__product-price price\"><span class=\"woocommerce-Price-amount amount\"><span class=\"woocommerce-Price-currencySymbol\">&#067;&#072;&#070;<\/span>&nbsp;45.00<\/span><\/div>\n\t\t\t\t\n\t\t\t\t<div class=\"wp-block-button wc-block-grid__product-add-to-cart\"><a href=\"https:\/\/filosofo.ch\/index.php\/produkt\/spluegen\/\" aria-label=\"Lese mehr \u00fcber &#8222;Spl\u00fcgen&#8220;\" data-quantity=\"1\" data-product_id=\"980\" data-product_sku=\"\" data-price=\"45\" rel=\"nofollow\" class=\"wp-block-button__link  add_to_cart_button\">Weiterlesen<\/a><\/div>\n\t\t\t<\/li><li class=\"wc-block-grid__product\">\n\t\t\t\t<a href=\"https:\/\/filosofo.ch\/index.php\/produkt\/salsiz\/\" class=\"wc-block-grid__product-link\">\n\t\t\t\t\t\n\t\t\t\t\t<div class=\"wc-block-grid__product-image\"><img loading=\"lazy\" decoding=\"async\" width=\"300\" height=\"300\" src=\"https:\/\/filosofo.ch\/wp-content\/uploads\/2024\/09\/Mit-Griff-Nussbaum_Diagonal-300x300.png\" class=\"attachment-woocommerce_thumbnail size-woocommerce_thumbnail\" alt=\"Salsiz\" srcset=\"https:\/\/filosofo.ch\/wp-content\/uploads\/2024\/09\/Mit-Griff-Nussbaum_Diagonal-300x300.png 300w, https:\/\/filosofo.ch\/wp-content\/uploads\/2024\/09\/Mit-Griff-Nussbaum_Diagonal-150x150.png 150w, https:\/\/filosofo.ch\/wp-content\/uploads\/2024\/09\/Mit-Griff-Nussbaum_Diagonal-75x75.png 75w, https:\/\/filosofo.ch\/wp-content\/uploads\/2024\/09\/Mit-Griff-Nussbaum_Diagonal-100x100.png 100w\" sizes=\"auto, (max-width: 300px) 100vw, 300px\" \/><\/div>\n\t\t\t\t\t<div class=\"wc-block-grid__product-title\">Salsiz<\/div>\n\t\t\t\t<\/a>\n\t\t\t\t<div class=\"wc-block-grid__product-price price\"><span class=\"woocommerce-Price-amount amount\"><span class=\"woocommerce-Price-currencySymbol\">&#067;&#072;&#070;<\/span>&nbsp;45.00<\/span><\/div>\n\t\t\t\t\n\t\t\t\t<div class=\"wp-block-button wc-block-grid__product-add-to-cart\"><a href=\"https:\/\/filosofo.ch\/index.php\/produkt\/salsiz\/\" aria-label=\"Lese mehr \u00fcber &#8222;Salsiz&#8220;\" data-quantity=\"1\" data-product_id=\"973\" data-product_sku=\"\" data-price=\"45\" rel=\"nofollow\" class=\"wp-block-button__link  add_to_cart_button\">Weiterlesen<\/a><\/div>\n\t\t\t<\/li><li class=\"wc-block-grid__product\">\n\t\t\t\t<a href=\"https:\/\/filosofo.ch\/index.php\/produkt\/szenerie-afrika-elefanten\/\" class=\"wc-block-grid__product-link\">\n\t\t\t\t\t\n\t\t\t\t\t<div class=\"wc-block-grid__product-image\"><img loading=\"lazy\" decoding=\"async\" width=\"300\" height=\"300\" src=\"https:\/\/filosofo.ch\/wp-content\/uploads\/2024\/05\/Szenerie_Top-300x300.png\" class=\"attachment-woocommerce_thumbnail size-woocommerce_thumbnail\" alt=\"Khartoum\" srcset=\"https:\/\/filosofo.ch\/wp-content\/uploads\/2024\/05\/Szenerie_Top-300x300.png 300w, https:\/\/filosofo.ch\/wp-content\/uploads\/2024\/05\/Szenerie_Top-150x150.png 150w, https:\/\/filosofo.ch\/wp-content\/uploads\/2024\/05\/Szenerie_Top-75x75.png 75w, https:\/\/filosofo.ch\/wp-content\/uploads\/2024\/05\/Szenerie_Top-100x100.png 100w\" sizes=\"auto, (max-width: 300px) 100vw, 300px\" \/><\/div>\n\t\t\t\t\t<div class=\"wc-block-grid__product-title\">Khartoum<\/div>\n\t\t\t\t<\/a>\n\t\t\t\t<div class=\"wc-block-grid__product-price price\"><span class=\"woocommerce-Price-amount amount\"><span class=\"woocommerce-Price-currencySymbol\">&#067;&#072;&#070;<\/span>&nbsp;70.00<\/span><\/div>\n\t\t\t\t\n\t\t\t\t<div class=\"wp-block-button wc-block-grid__product-add-to-cart\"><a href=\"https:\/\/filosofo.ch\/index.php\/produkt\/szenerie-afrika-elefanten\/\" aria-label=\"Lese mehr \u00fcber &#8222;Khartoum&#8220;\" data-quantity=\"1\" data-product_id=\"931\" data-product_sku=\"\" data-price=\"70\" rel=\"nofollow\" class=\"wp-block-button__link  add_to_cart_button\">Weiterlesen<\/a><\/div>\n\t\t\t<\/li><li class=\"wc-block-grid__product\">\n\t\t\t\t<a href=\"https:\/\/filosofo.ch\/index.php\/produkt\/loewin\/\" class=\"wc-block-grid__product-link\">\n\t\t\t\t\t\n\t\t\t\t\t<div class=\"wc-block-grid__product-image\"><img loading=\"lazy\" decoding=\"async\" width=\"300\" height=\"300\" src=\"https:\/\/filosofo.ch\/wp-content\/uploads\/2024\/05\/Loewin_Top-300x300.png\" class=\"attachment-woocommerce_thumbnail size-woocommerce_thumbnail\" alt=\"Lioness\" srcset=\"https:\/\/filosofo.ch\/wp-content\/uploads\/2024\/05\/Loewin_Top-300x300.png 300w, https:\/\/filosofo.ch\/wp-content\/uploads\/2024\/05\/Loewin_Top-150x150.png 150w, https:\/\/filosofo.ch\/wp-content\/uploads\/2024\/05\/Loewin_Top-75x75.png 75w, https:\/\/filosofo.ch\/wp-content\/uploads\/2024\/05\/Loewin_Top-100x100.png 100w\" sizes=\"auto, (max-width: 300px) 100vw, 300px\" \/><\/div>\n\t\t\t\t\t<div class=\"wc-block-grid__product-title\">Lioness<\/div>\n\t\t\t\t<\/a>\n\t\t\t\t<div class=\"wc-block-grid__product-price price\"><span class=\"woocommerce-Price-amount amount\"><span class=\"woocommerce-Price-currencySymbol\">&#067;&#072;&#070;<\/span>&nbsp;79.00<\/span><\/div>\n\t\t\t\t\n\t\t\t\t<div class=\"wp-block-button wc-block-grid__product-add-to-cart\"><a href=\"https:\/\/filosofo.ch\/index.php\/produkt\/loewin\/\" aria-label=\"Lese mehr \u00fcber &#8222;Lioness&#8220;\" data-quantity=\"1\" data-product_id=\"928\" data-product_sku=\"\" data-price=\"79\" rel=\"nofollow\" class=\"wp-block-button__link  add_to_cart_button\">Weiterlesen<\/a><\/div>\n\t\t\t<\/li><li class=\"wc-block-grid__product\">\n\t\t\t\t<a href=\"https:\/\/filosofo.ch\/index.php\/produkt\/loewe\/\" class=\"wc-block-grid__product-link\">\n\t\t\t\t\t\n\t\t\t\t\t<div class=\"wc-block-grid__product-image\"><img loading=\"lazy\" decoding=\"async\" width=\"300\" height=\"300\" src=\"https:\/\/filosofo.ch\/wp-content\/uploads\/2024\/05\/Loewe_grosses_Brett_Top-300x300.png\" class=\"attachment-woocommerce_thumbnail size-woocommerce_thumbnail\" alt=\"Aslan\" srcset=\"https:\/\/filosofo.ch\/wp-content\/uploads\/2024\/05\/Loewe_grosses_Brett_Top-300x300.png 300w, https:\/\/filosofo.ch\/wp-content\/uploads\/2024\/05\/Loewe_grosses_Brett_Top-150x150.png 150w, https:\/\/filosofo.ch\/wp-content\/uploads\/2024\/05\/Loewe_grosses_Brett_Top-75x75.png 75w, https:\/\/filosofo.ch\/wp-content\/uploads\/2024\/05\/Loewe_grosses_Brett_Top-100x100.png 100w\" sizes=\"auto, (max-width: 300px) 100vw, 300px\" \/><\/div>\n\t\t\t\t\t<div class=\"wc-block-grid__product-title\">Aslan<\/div>\n\t\t\t\t<\/a>\n\t\t\t\t<div class=\"wc-block-grid__product-price price\"><span class=\"woocommerce-Price-amount amount\"><span class=\"woocommerce-Price-currencySymbol\">&#067;&#072;&#070;<\/span>&nbsp;79.00<\/span><\/div>\n\t\t\t\t\n\t\t\t\t<div class=\"wp-block-button wc-block-grid__product-add-to-cart\"><a href=\"https:\/\/filosofo.ch\/index.php\/produkt\/loewe\/\" aria-label=\"Lese mehr \u00fcber &#8222;Aslan&#8220;\" data-quantity=\"1\" data-product_id=\"925\" data-product_sku=\"\" data-price=\"79\" rel=\"nofollow\" class=\"wp-block-button__link  add_to_cart_button\">Weiterlesen<\/a><\/div>\n\t\t\t<\/li><li class=\"wc-block-grid__product\">\n\t\t\t\t<a href=\"https:\/\/filosofo.ch\/index.php\/produkt\/leopard\/\" class=\"wc-block-grid__product-link\">\n\t\t\t\t\t\n\t\t\t\t\t<div class=\"wc-block-grid__product-image\"><img loading=\"lazy\" decoding=\"async\" width=\"300\" height=\"300\" src=\"https:\/\/filosofo.ch\/wp-content\/uploads\/2024\/05\/Leopard_Top-300x300.png\" class=\"attachment-woocommerce_thumbnail size-woocommerce_thumbnail\" alt=\"Leopardstown\" srcset=\"https:\/\/filosofo.ch\/wp-content\/uploads\/2024\/05\/Leopard_Top-300x300.png 300w, https:\/\/filosofo.ch\/wp-content\/uploads\/2024\/05\/Leopard_Top-150x150.png 150w, https:\/\/filosofo.ch\/wp-content\/uploads\/2024\/05\/Leopard_Top-75x75.png 75w, https:\/\/filosofo.ch\/wp-content\/uploads\/2024\/05\/Leopard_Top-100x100.png 100w\" sizes=\"auto, (max-width: 300px) 100vw, 300px\" \/><\/div>\n\t\t\t\t\t<div class=\"wc-block-grid__product-title\">Leopardstown<\/div>\n\t\t\t\t<\/a>\n\t\t\t\t<div class=\"wc-block-grid__product-price price\"><span class=\"woocommerce-Price-amount amount\"><span class=\"woocommerce-Price-currencySymbol\">&#067;&#072;&#070;<\/span>&nbsp;79.00<\/span><\/div>\n\t\t\t\t\n\t\t\t\t<div class=\"wp-block-button wc-block-grid__product-add-to-cart\"><a href=\"https:\/\/filosofo.ch\/index.php\/produkt\/leopard\/\" aria-label=\"Lese mehr \u00fcber &#8222;Leopardstown&#8220;\" data-quantity=\"1\" data-product_id=\"919\" data-product_sku=\"\" data-price=\"79\" rel=\"nofollow\" class=\"wp-block-button__link  add_to_cart_button\">Weiterlesen<\/a><\/div>\n\t\t\t<\/li><li class=\"wc-block-grid__product\">\n\t\t\t\t<a href=\"https:\/\/filosofo.ch\/index.php\/produkt\/ahorn-geschwungen-variante_single_3\/\" class=\"wc-block-grid__product-link\">\n\t\t\t\t\t\n\t\t\t\t\t<div class=\"wc-block-grid__product-image\"><img loading=\"lazy\" decoding=\"async\" width=\"300\" height=\"300\" src=\"https:\/\/filosofo.ch\/wp-content\/uploads\/2024\/05\/Ahorn_Curved_3_top-300x300.png\" class=\"attachment-woocommerce_thumbnail size-woocommerce_thumbnail\" alt=\"Venedig San Marco\" srcset=\"https:\/\/filosofo.ch\/wp-content\/uploads\/2024\/05\/Ahorn_Curved_3_top-300x300.png 300w, https:\/\/filosofo.ch\/wp-content\/uploads\/2024\/05\/Ahorn_Curved_3_top-150x150.png 150w, https:\/\/filosofo.ch\/wp-content\/uploads\/2024\/05\/Ahorn_Curved_3_top-75x75.png 75w, https:\/\/filosofo.ch\/wp-content\/uploads\/2024\/05\/Ahorn_Curved_3_top-100x100.png 100w\" sizes=\"auto, (max-width: 300px) 100vw, 300px\" \/><\/div>\n\t\t\t\t\t<div class=\"wc-block-grid__product-title\">Venedig San Marco<\/div>\n\t\t\t\t<\/a>\n\t\t\t\t<div class=\"wc-block-grid__product-price price\"><span class=\"woocommerce-Price-amount amount\"><span class=\"woocommerce-Price-currencySymbol\">&#067;&#072;&#070;<\/span>&nbsp;89.00<\/span><\/div>\n\t\t\t\t\n\t\t\t\t<div class=\"wp-block-button wc-block-grid__product-add-to-cart\"><a href=\"https:\/\/filosofo.ch\/index.php\/produkt\/ahorn-geschwungen-variante_single_3\/\" aria-label=\"Lese mehr \u00fcber &#8222;Venedig San Marco&#8220;\" data-quantity=\"1\" data-product_id=\"916\" data-product_sku=\"\" data-price=\"89\" rel=\"nofollow\" class=\"wp-block-button__link  add_to_cart_button\">Weiterlesen<\/a><\/div>\n\t\t\t<\/li><li class=\"wc-block-grid__product\">\n\t\t\t\t<a href=\"https:\/\/filosofo.ch\/index.php\/produkt\/ahorn-geschwungen-variante-single_2\/\" class=\"wc-block-grid__product-link\">\n\t\t\t\t\t\n\t\t\t\t\t<div class=\"wc-block-grid__product-image\"><img loading=\"lazy\" decoding=\"async\" width=\"300\" height=\"300\" src=\"https:\/\/filosofo.ch\/wp-content\/uploads\/2024\/05\/Ahorn_Curved_2_Top-300x300.png\" class=\"attachment-woocommerce_thumbnail size-woocommerce_thumbnail\" alt=\"Venedig Castello\" srcset=\"https:\/\/filosofo.ch\/wp-content\/uploads\/2024\/05\/Ahorn_Curved_2_Top-300x300.png 300w, https:\/\/filosofo.ch\/wp-content\/uploads\/2024\/05\/Ahorn_Curved_2_Top-150x150.png 150w, https:\/\/filosofo.ch\/wp-content\/uploads\/2024\/05\/Ahorn_Curved_2_Top-75x75.png 75w, https:\/\/filosofo.ch\/wp-content\/uploads\/2024\/05\/Ahorn_Curved_2_Top-100x100.png 100w\" sizes=\"auto, (max-width: 300px) 100vw, 300px\" \/><\/div>\n\t\t\t\t\t<div class=\"wc-block-grid__product-title\">Venedig Castello<\/div>\n\t\t\t\t<\/a>\n\t\t\t\t<div class=\"wc-block-grid__product-price price\"><span class=\"woocommerce-Price-amount amount\"><span class=\"woocommerce-Price-currencySymbol\">&#067;&#072;&#070;<\/span>&nbsp;89.00<\/span><\/div>\n\t\t\t\t\n\t\t\t\t<div class=\"wp-block-button wc-block-grid__product-add-to-cart\"><a href=\"https:\/\/filosofo.ch\/index.php\/produkt\/ahorn-geschwungen-variante-single_2\/\" aria-label=\"Lese mehr \u00fcber &#8222;Venedig Castello&#8220;\" data-quantity=\"1\" data-product_id=\"913\" data-product_sku=\"\" data-price=\"89\" rel=\"nofollow\" class=\"wp-block-button__link  add_to_cart_button\">Weiterlesen<\/a><\/div>\n\t\t\t<\/li><li class=\"wc-block-grid__product\">\n\t\t\t\t<a href=\"https:\/\/filosofo.ch\/index.php\/produkt\/ahorn-geschwungen-variante-single_1\/\" class=\"wc-block-grid__product-link\">\n\t\t\t\t\t\n\t\t\t\t\t<div class=\"wc-block-grid__product-image\"><img loading=\"lazy\" decoding=\"async\" width=\"300\" height=\"300\" src=\"https:\/\/filosofo.ch\/wp-content\/uploads\/2024\/05\/Ahorn_1_Curved_Top-300x300.png\" class=\"attachment-woocommerce_thumbnail size-woocommerce_thumbnail\" alt=\"Venedig San Polo\" srcset=\"https:\/\/filosofo.ch\/wp-content\/uploads\/2024\/05\/Ahorn_1_Curved_Top-300x300.png 300w, https:\/\/filosofo.ch\/wp-content\/uploads\/2024\/05\/Ahorn_1_Curved_Top-150x150.png 150w, https:\/\/filosofo.ch\/wp-content\/uploads\/2024\/05\/Ahorn_1_Curved_Top-75x75.png 75w, https:\/\/filosofo.ch\/wp-content\/uploads\/2024\/05\/Ahorn_1_Curved_Top-100x100.png 100w\" sizes=\"auto, (max-width: 300px) 100vw, 300px\" \/><\/div>\n\t\t\t\t\t<div class=\"wc-block-grid__product-title\">Venedig San Polo<\/div>\n\t\t\t\t<\/a>\n\t\t\t\t<div class=\"wc-block-grid__product-price price\"><span class=\"woocommerce-Price-amount amount\"><span class=\"woocommerce-Price-currencySymbol\">&#067;&#072;&#070;<\/span>&nbsp;89.00<\/span><\/div>\n\t\t\t\t\n\t\t\t\t<div class=\"wp-block-button wc-block-grid__product-add-to-cart\"><a href=\"https:\/\/filosofo.ch\/index.php\/produkt\/ahorn-geschwungen-variante-single_1\/\" aria-label=\"Lese mehr \u00fcber &#8222;Venedig San Polo&#8220;\" data-quantity=\"1\" data-product_id=\"910\" data-product_sku=\"\" data-price=\"89\" rel=\"nofollow\" class=\"wp-block-button__link  add_to_cart_button\">Weiterlesen<\/a><\/div>\n\t\t\t<\/li><\/ul><\/div><\/div><\/div>\n","protected":false},"excerpt":{"rendered":"<p>Unser On-line Shop finden Sie hier Die Ap\u00e9robretter sind alle so verarbeitet, dass L\u00e4ngsholz zu einem Brett verleimt wird. L\u00e4ngsholz hat eine ruhigere Struktur als Stirnholzbretter. Bretter aus L\u00e4ngsholz wirken edler und sind bestens geeignet f\u00fcr das Servieren von einem Ap\u00e9ro, Fleischplatte, K\u00e4seplatte oder Raclettek\u00e4se. Sie eignen sie daf\u00fcr weniger&hellip; <\/p>\n","protected":false},"author":1,"featured_media":0,"parent":0,"menu_order":0,"comment_status":"closed","ping_status":"closed","template":"","meta":{"_uag_custom_page_level_css":"","footnotes":""},"class_list":["post-188","page","type-page","status-publish","hentry"],"uagb_featured_image_src":{"full":false,"thumbnail":false,"medium":false,"medium_large":false,"large":false,"1536x1536":false,"2048x2048":false,"shoppingcart-product-cat-image":false,"shoppingcart-featured-brand-image":false,"shoppingcart-grid-product-image":false,"shoppingcart-popular-post":false,"woocommerce_thumbnail":false,"woocommerce_single":false,"woocommerce_gallery_thumbnail":false},"uagb_author_info":{"display_name":"admin","author_link":"https:\/\/filosofo.ch\/index.php\/author\/sergiofilosofo_ljguc24u\/"},"uagb_comment_info":0,"uagb_excerpt":"Unser On-line Shop finden Sie hier Die Ap\u00e9robretter sind alle so verarbeitet, dass L\u00e4ngsholz zu einem Brett verleimt wird. L\u00e4ngsholz hat eine ruhigere Struktur als Stirnholzbretter. Bretter aus L\u00e4ngsholz wirken edler und sind bestens geeignet f\u00fcr das Servieren von einem Ap\u00e9ro, Fleischplatte, K\u00e4seplatte oder Raclettek\u00e4se. Sie eignen sie daf\u00fcr weniger&hellip;","jetpack_sharing_enabled":true,"_links":{"self":[{"href":"https:\/\/filosofo.ch\/index.php\/wp-json\/wp\/v2\/pages\/188","targetHints":{"allow":["GET"]}}],"collection":[{"href":"https:\/\/filosofo.ch\/index.php\/wp-json\/wp\/v2\/pages"}],"about":[{"href":"https:\/\/filosofo.ch\/index.php\/wp-json\/wp\/v2\/types\/page"}],"author":[{"embeddable":true,"href":"https:\/\/filosofo.ch\/index.php\/wp-json\/wp\/v2\/users\/1"}],"replies":[{"embeddable":true,"href":"https:\/\/filosofo.ch\/index.php\/wp-json\/wp\/v2\/comments?post=188"}],"version-history":[{"count":22,"href":"https:\/\/filosofo.ch\/index.php\/wp-json\/wp\/v2\/pages\/188\/revisions"}],"predecessor-version":[{"id":1045,"href":"https:\/\/filosofo.ch\/index.php\/wp-json\/wp\/v2\/pages\/188\/revisions\/1045"}],"wp:attachment":[{"href":"https:\/\/filosofo.ch\/index.php\/wp-json\/wp\/v2\/media?parent=188"}],"curies":[{"name":"wp","href":"https:\/\/api.w.org\/{rel}","templated":true}]}}